ors of 62191803.
3, 43, 109, 4423
List the prime factors of 1342914039.
3, 49737557
What are the prime factors of 226085625?
3, 5, 40193
What are the prime factors of 229799119?
11, 37, 564617
What are the prime factors of 2164053714?
2, 3, 131, 419, 6571
What are the prime factors of 93830462?
2, 11, 4265021
List the prime factors of 3613644.
2, 3, 100379
List the prime factors of 303927522.
2, 3, 193, 262459
List the prime factors of 17983911.
3, 11, 593, 919
List the prime factors of 741773244.
2, 3, 61814437
List the prime factors of 1205212318.
2, 602606159
What are the prime factors of 17281553?
37, 617, 757
List the prime factors of 36643361.
36643361
List the prime factors of 16167.
3, 17, 317
What are the prime factors of 77318690?
2, 5, 137, 56437
List the prime factors of 7277251.
599, 12149
What are the prime factors of 1148982798?
2, 3, 3517, 54449
What are the prime factors of 319187718?
2, 3, 31, 211, 2711
List the prime factors of 78618810.
2, 3, 5, 73, 35899
What are the prime factors of 211562594?
2, 105781297
What are the prime factors of 2713910655?
3, 5, 31, 1283, 4549
What are the prime factors of 60982631?
60982631
List the prime factors of 350213602.
2, 4733, 36997
List the prime factors of 81622498.
2, 149, 273901
What are the prime factors of 10811406?
2, 3, 1801901
List the prime factors of 89875307.
89875307
List the prime factors of 59487105.
3, 5, 41, 197, 491
List the prime factors of 378798737.
503, 753079
List the prime factors of 735838391.
71, 179, 57899
List the prime factors of 2167292598.
2, 3, 137, 2636609
What are the prime factors of 155183259?
3, 7, 11, 17, 43, 919
What are the prime factors of 106627582?
2, 19, 2805989
List the prime factors of 1002236270.
2, 5, 7, 23, 509, 1223
What are the prime factors of 160239370?
2, 5, 16023937
List the prime factors of 2932135704.
2, 3, 863, 47189
List the prime factors of 1049454788.
2, 229, 1145693
What are the prime factors of 6988607?
6988607
What are the prime factors of 1353290800?
2, 5, 29, 116663
List the prime factors of 722228273.
13, 47, 1182043
List the prime factors of 743007541.
11779, 63079
What are the prime factors of 926733196?
2, 53, 4371383
What are the prime factors of 405432049?
11, 36857459
List the prime factors of 1010889909.
3, 607, 61681
What are the prime factors of 2634268935?
3, 5, 175617929
What are the prime factors of 599898?
2, 3, 13, 7691
What are the prime factors of 4637186948?
2, 727, 1594631
What are the prime factors of 24574099?
11, 2234009
What are the prime factors of 125110929?
3, 41703643
What are the prime factors of 272678101?
19, 167, 4523
List the prime factors of 50408785.
5, 7, 547, 2633
List the prime factors of 75347418.
2, 3, 457, 27479
What are the prime factors of 165530912?
2, 79, 65479
What are the prime factors of 117552565?
5, 13, 1808501
List the prime factors of 60192411.
3, 20064137
What are the prime factors of 42941828?
2, 23, 137, 3407
What are the prime factors of 2492094856?
2, 311511857
List the prime factors of 472818583.
43, 167, 65843
List the prime factors of 1063012857.
3, 727, 487397
List the prime factors of 519325763.
11, 23, 137, 14983
What are the prime factors of 4284796488?
2, 3, 7, 167, 152723
What are the prime factors of 3584621290?
2, 5, 358462129
List the prime factors of 63400241.
1531, 41411
List the prime factors of 114051066.
2, 3, 23, 191, 4327
What are the prime factors of 24278710?
2, 5, 1429, 1699
List the prime factors of 2004520752.
2, 3, 13, 59, 18149
What are the prime factors of 122480127?
3, 7, 11, 58913
List the prime factors of 106539480.
2, 3, 5, 295943
What are the prime factors of 1649572583?
47, 53, 317, 2089
List the prime factors of 6080507.
6080507
List the prime factors of 33911767.
33911767
What are the prime factors of 312434647?
7, 31, 1439791
What are the prime factors of 60421469?
757, 79817
List the prime factors of 55183100.
2, 5, 7, 31, 2543
List the prime factors of 25513759.
167, 152777
What are the prime factors of 15598483?
53, 294311
What are the prime factors of 1615438342?
2, 7, 115388453
What are the prime factors of 7730959?
7730959
List the prime factors of 68767385.
5, 13753477
List the prime factors of 2830273297.
2830273297
What are the prime factors of 504430927?
7, 11, 13, 503927
What are the prime factors of 188207387?
61, 3085367
List the prime factors of 58446268.
2, 14611567
List the prime factors of 468125984.
2, 14628937
What are the prime factors of 575539952?
2, 13, 2767019
List the prime factors of 819954.
2, 3, 45553
What are the prime factors of 1389980857?
211, 6587587
List the prime factors of 742978717.
13, 19, 3008011
What are the prime factors of 106190484?
2, 3, 47, 188281
What are the prime factors of 12608137?
1297, 9721
What are the prime factors of 37955389?
2887, 13147
List the prime factors of 259216181.
7, 29, 1276927
What are the prime factors of 685371283?
1543, 444181
What are the prime factors of 61371928?
2, 131, 157, 373
List the prime factors of 1438846293.
3, 8081, 59351
What are the prime factors of 10512229?
7, 13, 331, 349
What are the prime factors of 261109348?
2, 4663, 13999
List the prime factors of 2475347740.
2, 5, 19, 6514073
What are the prime factors of 1087845200?
2, 5, 13, 209201
What are the prime factors of 2299243136?
2, 1033, 17389
List the prime factors of 2340324039.
3, 131, 5955023
What are the prime factors of 601752416?
2, 127, 263, 563
What are the prime factors of 107672882?
2, 29, 307, 6047
What are the prime factors of 20871180?
2, 3, 5, 11, 83, 127
List the prime factors of 78010199.
1489, 52391
List the prime factors of 124810442.
2, 53, 997, 1181
What are the prime factors of 16944398?
2, 41, 206639
What are the prime factors of 356751427?
53, 89, 1427
What are the prime factors of 365274727?
365274727
What are the prime factors of 839310545?
5, 167862109
What are the prime factors of 244296103?
17, 14370359
What are the prime factors of 5805204389?
47, 123514987
What are the prime factors of 26828848?
2, 37, 45319
What are the prime factors of 10293642?
2, 3, 63541
List the prime factors of 71093185.
5, 14218637
List the prime factors of 393522957.
3, 433, 100981
List the prime factors of 72838813.
72838813
List the prime factors of 217514260.
2, 5, 10875713
What are the prime factors of 921984785?
5, 19, 23, 509, 829
List the prime factors of 838462578.
2, 3, 167, 836789
List the prime factors of 880172254.
2, 13, 193, 175403
What are the prime factors of 82845462?
2, 3, 7, 1972511
What are the prime factors of 47632696?
2, 19, 313373
List the prime factors of 65308488.
2, 3, 7, 149, 2609
List the prime factors of 425815468.
2, 13, 23, 29, 12277
List the prime factors of 306282363.
3, 491, 207931
What are the prime factors of 802608524?
2, 29, 6919039
List the prime factors of 929333324.
2, 232333331
What are the prime factors of 850008809?
13, 31, 2109203
List the prime factors of 461481397.
13, 337, 105337
What are the prime factors of 421065803?
191, 251, 8783
List the prime factors of 868466514.
2, 3, 317, 456607
What are the prime factors of 638342134?
2, 319171067
List the prime factors of 61383785.
5, 12276757
What are the prime factors of 39152641?
11, 1777, 2003
What are the prime factors of 499753161?
3, 281, 197609
List the prime factors of 67402231.
13, 5184787
List the prime factors of 54692875.
5, 437543
What are the prime factors of 3314042226?
2, 3, 11, 16737587
What are the prime factors of 99867009?
3, 11, 839, 3607
List the prime factors of 89859352.
2, 11, 1021129
List the prime factors of 8731205.
5, 7, 249463
What are the prime factors of 42703219?
13, 1303, 2521
What are the prime factors of 975171185?
5, 31, 757, 8311
What are the prime factors of 3000971757?
3, 7, 263, 543359
List the prime factors of 1036493420.
2, 5, 73, 709927
List the prime factors of 26361925.
5, 1054477
What are the prime factors of 276133211?
276133211
What are the prime factors of 26777897?
19, 74177
What are the prime factors of 1314943417?
173, 7600829
List the prime factors of 112303041.
3, 5347, 7001
What are the prime factors of 5805888724?
2, 43, 33755167
What are the prime factors of 502794927?
3, 23, 105607
List the prime factors of 68412968.
2, 13, 557, 1